{"id":512,"date":"2020-01-11T09:21:53","date_gmt":"2020-01-11T06:21:53","guid":{"rendered":"http:\/\/site.sengemg.org.br\/?page_id=512"},"modified":"2021-01-13T18:30:17","modified_gmt":"2021-01-13T15:30:17","slug":"porque-se-associar","status":"publish","type":"page","link":"https:\/\/sengemg.clkaqui.com.br\/index.php\/porque-se-associar\/","title":{"rendered":"Porque se Associar"},"content":{"rendered":"\n<div class=\"wp-block-columns is-layout-flex wp-container-core-columns-is-layout-1 wp-block-columns-is-layout-flex\">\n<div class=\"wp-block-column is-layout-flow wp-block-column-is-layout-flow\" style=\"flex-basis:19%\">\n<div id='iksm-537' class='iksm iksm-537 iksm-container '  data-id='537' data-is-pro='0' data-source='menu'><div class='iksm-terms'><div class='iksm-terms-tree iksm-terms-tree--level-1 iksm-terms-tree--parents' style=''><div class=\"iksm-terms-tree__inner\">\n        <div class=\"iksm-term iksm-term--id-546 iksm-term--parent\" data-id=\"546\">\n            <div class=\"iksm-term__inner\" tabindex='0'>\n                <a class=\"iksm-term__link\" href='https:\/\/sengemg.clkaqui.com.br\/index.php\/porque-se-associar\/' target='_self' tabindex='-1'>\n\t\t\t\t\t        <span class=\"iksm-term__text\">Porque se Associar<\/span>\n\t\t                <\/a>\n\t\t\t\t            <\/div>\n\t\t\t        <\/div>\n\n\t\t\n        <div class=\"iksm-term iksm-term--id-545 iksm-term--parent\" data-id=\"545\">\n            <div class=\"iksm-term__inner\" tabindex='0'>\n                <a class=\"iksm-term__link\" href='https:\/\/sengemg.clkaqui.com.br\/index.php\/beneficios-dos-socios\/' target='_self' tabindex='-1'>\n\t\t\t\t\t        <span class=\"iksm-term__text\">Benef\u00edcios do S\u00f3cio<\/span>\n\t\t                <\/a>\n\t\t\t\t            <\/div>\n\t\t\t        <\/div>\n\n\t\t\n        <div class=\"iksm-term iksm-term--id-544 iksm-term--parent\" data-id=\"544\">\n            <div class=\"iksm-term__inner\" tabindex='0'>\n                <a class=\"iksm-term__link\" href='https:\/\/sengemg.clkaqui.com.br\/index.php\/valores-da-anuidade\/' target='_self' tabindex='-1'>\n\t\t\t\t\t        <span class=\"iksm-term__text\">Valores da Anuidade<\/span>\n\t\t                <\/a>\n\t\t\t\t            <\/div>\n\t\t\t        <\/div>\n\n\t\t\n        <div class=\"iksm-term iksm-term--id-543 iksm-term--parent\" data-id=\"543\">\n            <div class=\"iksm-term__inner\" tabindex='0'>\n                <a class=\"iksm-term__link\" href='https:\/\/sengemg.clkaqui.com.br\/index.php\/proposta-de-socio\/' target='_self' tabindex='-1'>\n\t\t\t\t\t        <span class=\"iksm-term__text\">Proposta de S\u00f3cio<\/span>\n\t\t                <\/a>\n\t\t\t\t            <\/div>\n\t\t\t        <\/div>\n\n\t\t\n        <div class=\"iksm-term iksm-term--id-1065 iksm-term--parent\" data-id=\"1065\">\n            <div class=\"iksm-term__inner\" tabindex='0'>\n                <a class=\"iksm-term__link\" href='https:\/\/sengemg.clkaqui.com.br\/index.php\/socio-aspirante\/' target='_self' tabindex='-1'>\n\t\t\t\t\t        <span class=\"iksm-term__text\">S\u00f3cio Aspirante<\/span>\n\t\t                <\/a>\n\t\t\t\t            <\/div>\n\t\t\t        <\/div>\n\n\t\t<\/div><\/div><\/div><div id=\"iksm_data_args\" class=\"data-args\"  data-collapse_children_terms='1' data-collapse_other_terms='1' data-collapse_animation_duration='400' data-expand_animation_duration='400'><\/div><\/div><script id=\"styles-copier-6a00bbe319be6\">\n\t\t\t\/\/ Finding styles element\n\t        var element = document.getElementById(\"iksm-dynamic-style\");\n\t        if (!element) { \/\/ If no element (Cache plugins can remove tag), then creating a new one\n                element = document.createElement('style');\n                var head = document.getElementsByTagName(\"head\")\n                if (head && head[0]) {\n                \thead[0].appendChild(element);\n                } else {\n                  \tconsole.warn(\"Iks Menu | Error while printing styles. Please contact technical support.\");\n                }\n\t        }\n\t\t\t\/\/ Copying styles to <styles> tag\n\t        element.innerHTML += \".iksm-537 .iksm-terms{background-color:rgba(112,112,112,1);transition:all 400ms;animation:iks-fade-in 1000ms;}.iksm-537 .iksm-term__inner{background-color:rgba(92,104,141,1);min-height:44px;transition:all 400ms;}.iksm-537 .iksm-term__inner:hover{background-color:rgba(236,236,236,1);}.iksm-537 .iksm-term--current > .iksm-term__inner{background-color:rgba(212,212,212,1);}.iksm-537 .iksm-term__link{color:rgba(255,255,255,1);font-size:15px;line-height:15px;font-weight:400;text-decoration:none;padding-top:5px;padding-right:15px;padding-bottom:5px;padding-left:15px;transition:all 400ms;}.iksm-537 .iksm-term__inner:hover .iksm-term__link{color:rgba(50,50,50,1);}.iksm-537 .iksm-term__toggle__inner{transition:transform 400ms}.iksm-537 .iksm-term--expanded > .iksm-term__inner > .iksm-term__toggle > .iksm-term__toggle__inner{transform:rotate(180deg);}.iksm-537 .iksm-term__toggle{color:rgba(133,133,133,1);font-size:22px;align-self:stretch;height:unset;;width:40px;transition:all 400ms;}.iksm-537 .iksm-term__toggle:hover{color:rgba(0,0,0,1);}.iksm-537 .iksm-term__image-container{width:30px;min-width:30px;height:30px;min-height:30px;margin-right:15px;transition:all 400ms;}.iksm-537 .iksm-term__image{background-size:contain;background-position:center;background-repeat:no-repeat;}.iksm-537 .iksm-term__image-container:hover{background-size:contain;background-position:center;background-repeat:no-repeat;}.iksm-537 .iksm-term__inner:hover .iksm-term__image-container{background-size:contain;background-position:center;background-repeat:no-repeat;}.iksm-537 .iksm-term__inner:focus .iksm-term__image-container{background-size:contain;background-position:center;background-repeat:no-repeat;}.iksm-537 .iksm-term--current > .iksm-term__inner .iksm-term__image-container{background-size:contain;background-position:center;background-repeat:no-repeat;}.iksm-537 .iksm-term--child .iksm-term__inner .iksm-term__image-container{background-size:contain;background-position:center;background-repeat:no-repeat;}.iksm-537 .iksm-term--child .iksm-term__inner .iksm-term__image-container:hover{background-size:contain;background-position:center;background-repeat:no-repeat;}.iksm-537 .iksm-term--child .iksm-term__inner .iksm-term__image-container:focus{background-size:contain;background-position:center;background-repeat:no-repeat;}.iksm-537 .iksm-term--child.iksm-term--current > .iksm-term__inner .iksm-term__image-container{background-size:contain;background-position:center;background-repeat:no-repeat;}.iksm-537  .iksm-term__text{flex: unset}.iksm-537 .iksm-term__posts-count{color:rgba(133,133,133,1);font-size:16px;margin-left:12px;font-weight:400;transition:all 400ms;}\";\n\t        \/\/ Removing this script\n            var this_script = document.getElementById(\"styles-copier-6a00bbe319be6\");\n            if (this_script) { \/\/ Cache plugins can remove tag\n\t            this_script.outerHTML = \"\";\n\t            if (this_script.parentNode) {\n\t                this_script.parentNode.removeChild(this_script);\n\t            }\n            }\n        <\/script>\n<\/div>\n\n\n\n<div class=\"wp-block-column is-layout-flow wp-block-column-is-layout-flow\" style=\"flex-basis:81%\">\n<p><strong>Sindicato forte depende de voc\u00ea<\/strong><\/p>\n\n\n\n<p>Para que uma entidade se fortale\u00e7a e tenha legitimidade na hora de negociar, \u00e9 indispens\u00e1vel a participa\u00e7\u00e3o maci\u00e7a dos trabalhadores. O Senge-MG n\u00e3o \u00e9 diferente. O sindicato tem como principal fun\u00e7\u00e3o defender os direitos dos engenheiros e engenheiras de todo o Estado, atrav\u00e9s das negocia\u00e7\u00f5es coletivas, da luta pelo sal\u00e1rio m\u00ednimo da categoria (Lei 4.950-A), da valoriza\u00e7\u00e3o profissional e da busca por condi\u00e7\u00f5es dignas de trabalho. E, para que possa cumprir seu papel, precisa da mobiliza\u00e7\u00e3o dos engenheiros e engenheiras.<\/p>\n<\/div>\n<\/div>\n\n\n\n<p>A participa\u00e7\u00e3o em todas as assembl\u00e9ias e mobiliza\u00e7\u00f5es realizadas pelo Senge-MG \u00e9 de grande import\u00e2ncia, mas n\u00e3o \u00e9 suficiente. A sindicaliza\u00e7\u00e3o tamb\u00e9m \u00e9 fundamental para fortalecer a entidade e torn\u00e1-la cada vez mais representativa, uma vez que valida a condi\u00e7\u00e3o de institui\u00e7\u00e3o reconhecida pela sociedade, com poder para buscar solu\u00e7\u00f5es que visem o progresso das rela\u00e7\u00f5es de trabalho.<\/p>\n\n\n\n<p>E n\u00e3o \u00e9 s\u00f3 o sindicato que ganha com a filia\u00e7\u00e3o. Ao se tornar s\u00f3cio do Senge-MG, os profissionais da engenharia podem contar com v\u00e1rios benef\u00edcios como assist\u00eancia jur\u00eddica, conv\u00eanios com diversos estabelecimentos comerciais e de presta\u00e7\u00e3o de servi\u00e7o, al\u00e9m de planos de sa\u00fade com pre\u00e7os acess\u00edveis. Os s\u00f3cios tamb\u00e9m podem participar de cursos voltados para a \u00e1rea de engenharia, visando o aperfei\u00e7oamento profissional e concorrem \u00e0 anuidade social premiada.<\/p>\n\n\n\n<p>Para que o Senge-MG ganhe mais for\u00e7a e possa continuar atuando nas negocia\u00e7\u00f5es coletivas, a fim de manter conquistas e garantir novas vit\u00f3rias do interesse da categoria, ele precisa da ajuda de todos. Para se tornar associado ao Sindicato de Engenheiros, basta preencher a ficha com a proposta de s\u00f3cio. Fortale\u00e7a a sua representa\u00e7\u00e3o.&nbsp;<\/p>\n\n\n\n<div class=\"wp-block-button aligncenter\"><a class=\"wp-block-button__link has-text-color has-very-dark-gray-color has-background has-pale-cyan-blue-background-color\" href=\"https:\/\/sengemg.clkaqui.com.br\/index.php\/fortaleca-seu-sindicato-fique-socio\/\" rel=\"https:\/\/sengemg.clkaqui.com.br\/index.php\/fortaleca-seu-sindicato-fique-socio\/\"> Associe-se<strong>!<\/strong> <\/a><\/div>\n","protected":false},"excerpt":{"rendered":"<p>Sindicato forte depende de voc\u00ea Para que uma entidade se fortale\u00e7a e tenha legitimidade na hora de negociar, \u00e9 indispens\u00e1vel a participa\u00e7\u00e3o maci\u00e7a dos trabalhadores. O Senge-MG n\u00e3o \u00e9 diferente. O sindicato tem como principal fun\u00e7\u00e3o defender os direitos dos engenheiros e engenheiras de todo o Estado, atrav\u00e9s das negocia\u00e7\u00f5es coletivas, da luta pelo sal\u00e1rio [&#8230;]\n","protected":false},"author":2,"featured_media":0,"parent":0,"menu_order":0,"comment_status":"closed","ping_status":"closed","template":"","meta":{"footnotes":""},"class_list":["post-512","page","type-page","status-publish","hentry"],"acf":[],"_links":{"self":[{"href":"https:\/\/sengemg.clkaqui.com.br\/index.php\/wp-json\/wp\/v2\/pages\/512","targetHints":{"allow":["GET"]}}],"collection":[{"href":"https:\/\/sengemg.clkaqui.com.br\/index.php\/wp-json\/wp\/v2\/pages"}],"about":[{"href":"https:\/\/sengemg.clkaqui.com.br\/index.php\/wp-json\/wp\/v2\/types\/page"}],"author":[{"embeddable":true,"href":"https:\/\/sengemg.clkaqui.com.br\/index.php\/wp-json\/wp\/v2\/users\/2"}],"replies":[{"embeddable":true,"href":"https:\/\/sengemg.clkaqui.com.br\/index.php\/wp-json\/wp\/v2\/comments?post=512"}],"version-history":[{"count":5,"href":"https:\/\/sengemg.clkaqui.com.br\/index.php\/wp-json\/wp\/v2\/pages\/512\/revisions"}],"predecessor-version":[{"id":3018,"href":"https:\/\/sengemg.clkaqui.com.br\/index.php\/wp-json\/wp\/v2\/pages\/512\/revisions\/3018"}],"wp:attachment":[{"href":"https:\/\/sengemg.clkaqui.com.br\/index.php\/wp-json\/wp\/v2\/media?parent=512"}],"curies":[{"name":"wp","href":"https:\/\/api.w.org\/{rel}","templated":true}]}}