{"id":561,"date":"2020-01-14T21:21:04","date_gmt":"2020-01-14T18:21:04","guid":{"rendered":"http:\/\/site.sengemg.org.br\/?page_id=561"},"modified":"2020-01-14T21:22:17","modified_gmt":"2020-01-14T18:22:17","slug":"regimento-interno-socio-aspirante","status":"publish","type":"page","link":"https:\/\/sengemg.clkaqui.com.br\/index.php\/regimento-interno-socio-aspirante\/","title":{"rendered":"Regimento Interno S\u00f3cio Aspirante"},"content":{"rendered":"\n\n\n<p><strong>Artigo I<\/strong>&nbsp;&#8211; A diretoria do Sindicato de Engenheiros no Estado de Minas Gerais, no uso de suas atribui\u00e7\u00f5es, constitui, a partir de 07 de agosto de 1999, a categoria de S\u00d3CIO-ASPIRANTE, de acordo com o Artigo 6\u00b0 do Estatuto do Senge-MG.<\/p>\n\n\n\n<p><strong>Par\u00e1grafo 1\u00b0:<\/strong>&nbsp;O s\u00f3cio-aspirante se inscrever\u00e1 no Senge-MG atrav\u00e9s do Cadastro de Futuros S\u00f3cios (CFS).<\/p>\n\n\n\n<p><strong>Par\u00e1grafo 2\u00b0:<\/strong>&nbsp;O CFS ser\u00e1 composto a partir das fichas de inscri\u00e7\u00e3o preenchidas e assinadas pelos pretendentes a s\u00f3cio-aspirante. A numera\u00e7\u00e3o dos s\u00f3cio-aspirantes ser\u00e1 feita pela ordem de data de preenchimento e aprova\u00e7\u00e3o pela diretoria.<\/p>\n\n\n\n<p><strong>Par\u00e1grafo 3\u00b0:<\/strong>&nbsp;O Senge-MG elaborar\u00e1 a ficha de inscri\u00e7\u00e3o referida no par\u00e1grafo 2\u00b0 da qual constar\u00e1, no m\u00ednimo, nome, filia\u00e7\u00e3o, endere\u00e7o residencial e comercial, estado, sexo, RG, escola onde estuda, endere\u00e7o, ano de ingresso, semestre\/ano que est\u00e1 cursando e assinatura do s\u00f3cio-aspirante.<\/p>\n\n\n\n<p><strong>Par\u00e1grafo 4\u00b0:<\/strong>&nbsp;Para ser s\u00f3cio-aspirante, \u00e9 necess\u00e1rio o preenchimento e assinatura da ficha de inscri\u00e7\u00e3o, a aprova\u00e7\u00e3o da diretoria do Senge-MG na ficha e a comprova\u00e7\u00e3o, junto ao Senge-MG de que \u00e9 estudante de engenharia na escola devidamente reconhecida pelo Minist\u00e9rio da Educa\u00e7\u00e3o, e que esteja cursando os seis \u00faltimos semestres ou os tr\u00eas \u00faltimos anos do curso.<\/p>\n\n\n\n<p><strong>Artigo II<\/strong>&nbsp;&#8211; S\u00e3o direitos do s\u00f3cio-aspirante:<\/p>\n\n\n\n<p><strong>Par\u00e1grafo 1\u00b0:<\/strong>&nbsp;Receber todo o material de divulga\u00e7\u00e3o do Sindicato.<\/p>\n\n\n\n<p><strong>Par\u00e1grafo 2\u00b0:<\/strong>&nbsp;Receber informa\u00e7\u00f5es sobre est\u00e1gio, inclusive ter acesso a todos os pedidos de est\u00e1gio que houver no sindicato. O s\u00f3cio-aspirante ter\u00e1 seu nome inclu\u00eddo na lista de estagi\u00e1rios, dispon\u00edvel no sindicato pela divulga\u00e7\u00e3o em empresas.<\/p>\n\n\n\n<p><strong>Par\u00e1grafo 3\u00b0:<\/strong>&nbsp;Usar as depend\u00eancias da entidade para reuni\u00f5es, desde que previamente autorizado pela diretoria.<\/p>\n\n\n\n<p><strong>Par\u00e1grafo 4\u00b0:<\/strong>&nbsp;Ao concluir o curso e obter o diploma e inscri\u00e7\u00e3o no Crea, se desejar sindicalizar-se, ter\u00e1 um desconto de 50%(cinq\u00fcenta por cento) na primeira anuidade social, desde que tenha sido s\u00f3cio-aspirante por pelo menos seis meses e se filie ao Senge-MG no m\u00e1ximo at\u00e9 tr\u00eas meses ap\u00f3s a data de cola\u00e7\u00e3o de grau.<\/p>\n\n\n\n<p><strong>Par\u00e1grafo 5\u00b0:<\/strong>&nbsp;Participar das atividades promovidas pelo Sindicato.<\/p>\n\n\n\n<p><strong>Par\u00e1grafo 6\u00b0:<\/strong>&nbsp;Participar dos conv\u00eanios estabelecidos pelo Sindicato.\n\n<\/p>\n","protected":false},"excerpt":{"rendered":"<p>Artigo I&nbsp;&#8211; A diretoria do Sindicato de Engenheiros no Estado de Minas Gerais, no uso de suas atribui\u00e7\u00f5es, constitui, a partir de 07 de agosto de 1999, a categoria de S\u00d3CIO-ASPIRANTE, de acordo com o Artigo 6\u00b0 do Estatuto do Senge-MG. Par\u00e1grafo 1\u00b0:&nbsp;O s\u00f3cio-aspirante se inscrever\u00e1 no Senge-MG atrav\u00e9s do Cadastro de Futuros S\u00f3cios (CFS). [&#8230;]\n","protected":false},"author":2,"featured_media":0,"parent":0,"menu_order":0,"comment_status":"closed","ping_status":"closed","template":"","meta":{"footnotes":""},"class_list":["post-561","page","type-page","status-publish","hentry"],"acf":[],"_links":{"self":[{"href":"https:\/\/sengemg.clkaqui.com.br\/index.php\/wp-json\/wp\/v2\/pages\/561","targetHints":{"allow":["GET"]}}],"collection":[{"href":"https:\/\/sengemg.clkaqui.com.br\/index.php\/wp-json\/wp\/v2\/pages"}],"about":[{"href":"https:\/\/sengemg.clkaqui.com.br\/index.php\/wp-json\/wp\/v2\/types\/page"}],"author":[{"embeddable":true,"href":"https:\/\/sengemg.clkaqui.com.br\/index.php\/wp-json\/wp\/v2\/users\/2"}],"replies":[{"embeddable":true,"href":"https:\/\/sengemg.clkaqui.com.br\/index.php\/wp-json\/wp\/v2\/comments?post=561"}],"version-history":[{"count":2,"href":"https:\/\/sengemg.clkaqui.com.br\/index.php\/wp-json\/wp\/v2\/pages\/561\/revisions"}],"predecessor-version":[{"id":568,"href":"https:\/\/sengemg.clkaqui.com.br\/index.php\/wp-json\/wp\/v2\/pages\/561\/revisions\/568"}],"wp:attachment":[{"href":"https:\/\/sengemg.clkaqui.com.br\/index.php\/wp-json\/wp\/v2\/media?parent=561"}],"curies":[{"name":"wp","href":"https:\/\/api.w.org\/{rel}","templated":true}]}}