{"id":724,"date":"2020-01-15T18:02:09","date_gmt":"2020-01-15T15:02:09","guid":{"rendered":"http:\/\/site.sengemg.org.br\/?page_id=724"},"modified":"2020-01-30T16:49:52","modified_gmt":"2020-01-30T13:49:52","slug":"resolucao-confea-no-357","status":"publish","type":"page","link":"https:\/\/sengemg.clkaqui.com.br\/index.php\/resolucao-confea-no-357\/","title":{"rendered":"Resolu\u00e7\u00e3o CONFEA N\u00ba 357"},"content":{"rendered":"\n\n\n<div class=\"wp-block-columns is-layout-flex wp-container-core-columns-is-layout-1 wp-block-columns-is-layout-flex\">\n<div class=\"wp-block-column is-layout-flow wp-block-column-is-layout-flow\" style=\"flex-basis:30%\">\n<div id='iksm-1226' class='iksm iksm-1226 iksm-container '  data-id='1226' data-is-pro='0' data-source='menu'><div class='iksm-terms'><div class='iksm-terms-tree iksm-terms-tree--level-1 iksm-terms-tree--parents' style=''><div class=\"iksm-terms-tree__inner\">\n        <div class=\"iksm-term iksm-term--id-1221 iksm-term--parent\" data-id=\"1221\">\n            <div class=\"iksm-term__inner\" tabindex='0'>\n                <a class=\"iksm-term__link\" href='https:\/\/sengemg.clkaqui.com.br\/index.php\/informacoes-sobre-o-smp\/' target='_self' tabindex='-1'>\n\t\t\t\t\t        <span class=\"iksm-term__text\">Informa\u00e7\u00f5es Sobre o SMP<\/span>\n\t\t                <\/a>\n\t\t\t\t            <\/div>\n\t\t\t        <\/div>\n\n\t\t\n        <div class=\"iksm-term iksm-term--id-1222 iksm-term--parent\" data-id=\"1222\">\n            <div class=\"iksm-term__inner\" tabindex='0'>\n                <a class=\"iksm-term__link\" href='https:\/\/sengemg.clkaqui.com.br\/index.php\/valores-do-smp\/' target='_self' tabindex='-1'>\n\t\t\t\t\t        <span class=\"iksm-term__text\">Valores do SMP<\/span>\n\t\t                <\/a>\n\t\t\t\t            <\/div>\n\t\t\t        <\/div>\n\n\t\t\n        <div class=\"iksm-term iksm-term--id-1223 iksm-term--parent\" data-id=\"1223\">\n            <div class=\"iksm-term__inner\" tabindex='0'>\n                <a class=\"iksm-term__link\" href='https:\/\/sengemg.clkaqui.com.br\/index.php\/lei-4-950-a-66\/' target='_self' tabindex='-1'>\n\t\t\t\t\t        <span class=\"iksm-term__text\">Lei 4.950-A\/66<\/span>\n\t\t                <\/a>\n\t\t\t\t            <\/div>\n\t\t\t        <\/div>\n\n\t\t\n        <div class=\"iksm-term iksm-term--id-1224 iksm-term--parent\" data-id=\"1224\">\n            <div class=\"iksm-term__inner\" tabindex='0'>\n                <a class=\"iksm-term__link\" href='https:\/\/sengemg.clkaqui.com.br\/index.php\/resolucao-confea-no-357\/' target='_self' tabindex='-1'>\n\t\t\t\t\t        <span class=\"iksm-term__text\">Resolu\u00e7\u00e3o CONFEA N\u00ba 357<\/span>\n\t\t                <\/a>\n\t\t\t\t            <\/div>\n\t\t\t        <\/div>\n\n\t\t\n        <div class=\"iksm-term iksm-term--id-1225 iksm-term--parent\" data-id=\"1225\">\n            <div class=\"iksm-term__inner\" tabindex='0'>\n                <a class=\"iksm-term__link\" href='https:\/\/sengemg.clkaqui.com.br\/index.php\/cartilha-salario-minimo-profissional\/' target='_self' tabindex='-1'>\n\t\t\t\t\t        <span class=\"iksm-term__text\">Cartilha Do SMP 2014<\/span>\n\t\t                <\/a>\n\t\t\t\t            <\/div>\n\t\t\t        <\/div>\n\n\t\t<\/div><\/div><\/div><div id=\"iksm_data_args\" class=\"data-args\"  data-collapse_children_terms='1' data-collapse_other_terms='1' data-collapse_animation_duration='400' data-expand_animation_duration='400'><\/div><\/div><script id=\"styles-copier-6a00a543ee2c1\">\n\t\t\t\/\/ Finding styles element\n\t        var element = document.getElementById(\"iksm-dynamic-style\");\n\t        if (!element) { \/\/ If no element (Cache plugins can remove tag), then creating a new one\n                element = document.createElement('style');\n                var head = document.getElementsByTagName(\"head\")\n                if (head && head[0]) {\n                \thead[0].appendChild(element);\n                } else {\n                  \tconsole.warn(\"Iks Menu | Error while printing styles. Please contact technical support.\");\n                }\n\t        }\n\t\t\t\/\/ Copying styles to <styles> tag\n\t        element.innerHTML += \".iksm-1226 .iksm-terms{background-color:rgba(112,112,112,1);transition:all 400ms;animation:iks-fade-in 1000ms;}.iksm-1226 .iksm-term__inner{background-color:rgba(92,104,141,1);min-height:44px;transition:all 400ms;}.iksm-1226 .iksm-term__inner:hover{background-color:rgba(236,236,236,1);}.iksm-1226 .iksm-term--current > .iksm-term__inner{background-color:rgba(212,212,212,1);}.iksm-1226 .iksm-term__link{color:rgba(255,255,255,1);font-size:15px;line-height:15px;font-weight:400;text-decoration:none;padding-top:5px;padding-right:15px;padding-bottom:5px;padding-left:15px;transition:all 400ms;}.iksm-1226 .iksm-term__inner:hover .iksm-term__link{color:rgba(50,50,50,1);}.iksm-1226 .iksm-term__toggle__inner{transition:transform 400ms}.iksm-1226 .iksm-term--expanded > .iksm-term__inner > .iksm-term__toggle > .iksm-term__toggle__inner{transform:rotate(180deg);}.iksm-1226 .iksm-term__toggle{color:rgba(133,133,133,1);font-size:22px;align-self:stretch;height:unset;;width:40px;transition:all 400ms;}.iksm-1226 .iksm-term__toggle:hover{color:rgba(0,0,0,1);}.iksm-1226 .iksm-term__image-container{width:30px;min-width:30px;height:30px;min-height:30px;margin-right:15px;transition:all 400ms;}.iksm-1226 .iksm-term__image{background-size:contain;background-position:center;background-repeat:no-repeat;}.iksm-1226 .iksm-term__image-container:hover{background-size:contain;background-position:center;background-repeat:no-repeat;}.iksm-1226 .iksm-term__inner:hover .iksm-term__image-container{background-size:contain;background-position:center;background-repeat:no-repeat;}.iksm-1226 .iksm-term__inner:focus .iksm-term__image-container{background-size:contain;background-position:center;background-repeat:no-repeat;}.iksm-1226 .iksm-term--current > .iksm-term__inner .iksm-term__image-container{background-size:contain;background-position:center;background-repeat:no-repeat;}.iksm-1226 .iksm-term--child .iksm-term__inner .iksm-term__image-container{background-size:contain;background-position:center;background-repeat:no-repeat;}.iksm-1226 .iksm-term--child .iksm-term__inner .iksm-term__image-container:hover{background-size:contain;background-position:center;background-repeat:no-repeat;}.iksm-1226 .iksm-term--child .iksm-term__inner .iksm-term__image-container:focus{background-size:contain;background-position:center;background-repeat:no-repeat;}.iksm-1226 .iksm-term--child.iksm-term--current > .iksm-term__inner .iksm-term__image-container{background-size:contain;background-position:center;background-repeat:no-repeat;}.iksm-1226  .iksm-term__text{flex: unset}.iksm-1226 .iksm-term__posts-count{color:rgba(133,133,133,1);font-size:16px;margin-left:12px;font-weight:400;transition:all 400ms;}\";\n\t        \/\/ Removing this script\n            var this_script = document.getElementById(\"styles-copier-6a00a543ee2c1\");\n            if (this_script) { \/\/ Cache plugins can remove tag\n\t            this_script.outerHTML = \"\";\n\t            if (this_script.parentNode) {\n\t                this_script.parentNode.removeChild(this_script);\n\t            }\n            }\n        <\/script>\n<\/div>\n\n\n\n<div class=\"wp-block-column is-layout-flow wp-block-column-is-layout-flow\" style=\"flex-basis:70%\">\n<p>\n\nO Sistema Confea\/Creas na fiscaliza\u00e7\u00e3o do Sal\u00e1rio M\u00ednimo Profissional<\/p>\n\n\n\n<p><strong>RESOLU\u00c7\u00c3O N\u00ba 397, DE 11 AGOSTO DE 1995.<\/strong><\/p>\n\n\n\n<p>Disp\u00f5e sobre a fiscaliza\u00e7\u00e3o do cumprimento do Sal\u00e1rio M\u00ednimo Profissional.<\/p>\n\n\n\n<p>O Conselho Federal de Engenharia, Arquitetura e Agronomia, no uso das atribui\u00e7\u00f5es que lhe confere a letra &#8220;f&#8221; do Art. 27 da Lei n\u00ba 5.194, de 24 de dezembro de 1966;<\/p>\n\n\n\n<p>Considerando o disposto nos Arts. 24, 71, 72, 77 e 82, bem como o disposto na letra &#8220;a&#8221; do par\u00e1grafo \u00fanico do Art. 73 da Lei n\u00ba 5.194, de 24 de dezembro de 1966;<\/p>\n<\/div>\n<\/div>\n\n\n\n<p>Considerando o disposto nas Leis: n\u00ba 4.076, de 30 de junho de 1962; 6.664, de 26 de junho de 1979; n\u00ba 6.835, de 14 de outubro de 1980 e na Lei n\u00ba 4.950-A, de 22 de abril de 1966;<\/p>\n\n\n\n<p>Considerando que, de acordo com o par\u00e1grafo \u00fanico do art. 8\u00ba da Lei n\u00ba 5.194, de 24 de dezembro de 1966, as pessoas jur\u00eddicas e organiza\u00e7\u00f5es estatais s\u00f3 poder\u00e3o exercer as atividades de engenharia, arquitetura e agronomia atrav\u00e9s de profissionais legalmente habilitados, aos quais \u00e9 assegurado o direito ao Sal\u00e1rio M\u00ednimo Profissional;<\/p>\n\n\n\n<p>Considerando as disposi\u00e7\u00f5es do C\u00f3digo de \u00c9tica do Engenheiro, do Arquiteto e do Engenheiro Agr\u00f4nomo, adotado pela Resolu\u00e7\u00e3o n\u00ba 205, de 30 de setembro de 1971, do CONFEA;<\/p>\n\n\n\n<p>Considerando as solicita\u00e7\u00f5es das Entidades de Classe, dos CREAs, bem como a proposta apresentada durante a Jornada em Defesa do Piso Salarial, realizada juntamente com a 51\u00aa Semana Oficial da Engenharia, da Arquitetura e da Agronomia,<\/p>\n\n\n\n<p><strong>R E S O L V E:<\/strong><\/p>\n\n\n\n<p><strong>Art. 1\u00ba<\/strong>&nbsp;&#8211; \u00c9 de compet\u00eancia dos CREAs a fiscaliza\u00e7\u00e3o do cumprimento do Sal\u00e1rio M\u00ednimo Profissional.<\/p>\n\n\n\n<p><strong>Art. 2\u00ba<\/strong>&nbsp;&#8211; O Sal\u00e1rio M\u00ednimo Profissional \u00e9 a remunera\u00e7\u00e3o m\u00ednima devida, por for\u00e7a de contrato de trabalho que caracteriza v\u00ednculo empregat\u00edcio, aos profissionais de Engenharia, Arquitetura, Agronomia, Geologia, Geografia, Meteorologia e Tecn\u00f3logos, com rela\u00e7\u00e3o a empregos, cargos, fun\u00e7\u00f5es, atividades e tarefas abrangidos pelo Sistema CONFEA\/CREAs, desempenhados a qualquer t\u00edtulo e v\u00ednculo, de direito p\u00fablico ou privado, conforme definidos nos Arts. 3\u00ba, 4\u00ba, 5\u00ba e 6\u00ba da Lei n\u00ba 4.950-A, de 22 de abril de 1966, no Art. 82 da Lei n\u00ba 5.194, de 24 de dezembro de 1966 e no Art. 7\u00ba, inciso XVI, da Constitui\u00e7\u00e3o Federal, sob regime celetista.<\/p>\n\n\n\n<p><strong>Art. 3\u00ba<\/strong>&nbsp;&#8211; Para efeito de aplica\u00e7\u00e3o dos dispositivos legais, os profissionais citados no Art. 2\u00ba desta Resolu\u00e7\u00e3o s\u00e3o classificados em: a. diplomados pelos cursos regulares superiores mantidos pelas Escolas de Engenharia, de Arquitetura, de Agronomia, de Geologia, de Geografia, de Meteorologia e afins com curso universit\u00e1rio de 04 (quatro) anos ou mais; b. diplomados pelos cursos regulares superiores, mantidos pelas Escolas de Engenharia, de Arquitetura, de Agronomia, de Geologia, de Geografia, de Meteorologia e afins, com curso universit\u00e1rio de menos de 04 (quatro) anos.<\/p>\n\n\n\n<p><strong>Art. 4\u00ba<\/strong>&nbsp;&#8211; Para efeito da aplica\u00e7\u00e3o dos dispositivos legais, as atividades ou tarefas desempenhadas pelos profissionais, relacionados no Art. 2\u00ba desta Resolu\u00e7\u00e3o s\u00e3o classificadas em: a. atividades ou tarefas com exig\u00eancia de 06 (seis) horas di\u00e1rias de servi\u00e7os; b. atividades ou tarefas com exig\u00eancia de mais de 06 (seis) horas di\u00e1rias de servi\u00e7os.<\/p>\n\n\n\n<p><strong>Art. 5\u00ba<\/strong>&nbsp;&#8211; O Sal\u00e1rio M\u00ednimo Profissional para execu\u00e7\u00e3o das atividades e tarefas classificadas na al\u00ednea &#8220;a&#8221; do Art. 4\u00ba da Resolu\u00e7\u00e3o \u00e9 de 06 (seis) vezes o Sal\u00e1rio M\u00ednimo comum, vigente no Pa\u00eds, para os profissionais relacionados na al\u00ednea &#8220;a&#8221; do Art. 3\u00ba desta Resolu\u00e7\u00e3o, e \u00e9 de 05 (cinco) vezes o Sal\u00e1rio M\u00ednimo comum, vigente no Pa\u00eds, para os profissionais da al\u00ednea &#8220;b&#8221; do Art. 3\u00ba desta Resolu\u00e7\u00e3o. Par\u00e1grafo \u00danico &#8211; Para a execu\u00e7\u00e3o das atividades e tarefas classificadas na al\u00ednea &#8220;b&#8221; do Art. 4\u00ba desta Resolu\u00e7\u00e3o, o Sal\u00e1rio M\u00ednimo Profissional ser\u00e1 acrescido de 25% (vinte e cinco por cento) para as horas excedentes das 06 (seis) horas di\u00e1rias de servi\u00e7os, tomando-se por base o custo de hora fixada no &#8220;CAPUT&#8221; deste artigo.<\/p>\n\n\n\n<p><strong>Art. 6\u00ba<\/strong>&nbsp;&#8211; As pessoas jur\u00eddicas que solicitarem registro nos CREAs, no ato da solicita\u00e7\u00e3o, ficam obrigadas a comprovar o pagamento de Sal\u00e1rio M\u00ednimo Profissional aos Engenheiros, Arquitetos e Agr\u00f4nomos, bem como os demais profissionais abrangidos pelo Sistema CONFEA\/CREAs, atrav\u00e9s de demonstrativo pr\u00f3prio, n\u00e3o inferior ao Sal\u00e1rio M\u00ednimo Profissional estabelecido na Lei 4.950-A, de 22 de abril de 1966 e Art. 82 da Lei 5.194, de 24 de dezembro de 1966. Par\u00e1grafo \u00fanico &#8211; A pessoa jur\u00eddica que n\u00e3o atender o disposto no &#8220;caput&#8221; deste Art. ser\u00e1 notificada e autuada, com os seus requerimentos aos CREAs ficando pendentes de decis\u00e3o at\u00e9 que regularize sua situa\u00e7\u00e3o relativa ao cumprimento do Art. 82 da Lei 5.194, de 24 de dezembro de 1966 e da Lei n\u00ba 4.950-A, de 22 de abril de 1966.<\/p>\n\n\n\n<p><strong>Art. 7\u00ba<\/strong>&nbsp;&#8211; Anualmente, as pessoas jur\u00eddicas registradas nos CREAs comprovar\u00e3o que todos os Engenheiros, Arquitetos, Agr\u00f4nomos, Ge\u00f3logos ou Engenheiros Ge\u00f3logos, Ge\u00f3grafos, Meteorologistas do seu quadro t\u00e9cnico est\u00e3o recebendo sal\u00e1rios que satisfazem o disposto na Lei 4.950-A, de 22 de abril de 1966 e no Art. 82 da Lei n\u00ba 5.194, de 24 de dezembro de 1966. Par\u00e1grafo \u00fanico &#8211; A pessoa jur\u00eddica que n\u00e3o atender o disposto no &#8220;caput&#8221; deste Art. ser\u00e1 notificada e autuada pelo CREA, por infra\u00e7\u00e3o \u00e0 legisla\u00e7\u00e3o vigente.<\/p>\n\n\n\n<p><strong>Art. 8\u00ba<\/strong>&nbsp;&#8211; O n\u00e3o cumprimento da legisla\u00e7\u00e3o sobre o Sal\u00e1rio M\u00ednimo Profissional detectado, quer diretamente, quer atrav\u00e9s de den\u00fancia comprovada de profissionais, interessados ou das Entidades de Classe, importar\u00e1 na lavratura de autos de infra\u00e7\u00e3o pelos CREAs, por infring\u00eancia da Lei n\u00ba 4.950-A, de 22 de abril de 1966, do Art. 82 da Lei n\u00ba 5.194, de 24 de dezembro de 1966 e da Resolu\u00e7\u00e3o n\u00ba 205, de 30 de setembro de 1971, do CONFEA.<\/p>\n\n\n\n<p><strong>Art. 9\u00ba<\/strong>&nbsp;&#8211; A penalidade prevista para o profissional Engenheiro, Arquiteto, Agr\u00f4nomo, Ge\u00f3logo, Ge\u00f3grafo, Meteorologista e Tecn\u00f3logo, que na qualidade de empregador, s\u00f3cio de empresa empregadora ou Respons\u00e1vel pela pol\u00edtica salarial da entidade empregadora, n\u00e3o cumprir a obriga\u00e7\u00e3o do pagamento decorrente do Sal\u00e1rio M\u00ednimo Profissional, ser\u00e1 de Advert\u00eancia Reservada ou Censura P\u00fablica, conforme fixado no Art. 72, da Lei n\u00ba 5.194, de 24 de dezembro de 1966, de acordo com o disposto no C\u00f3digo de \u00c9tica Profissional, institu\u00eddo atrav\u00e9s da Resolu\u00e7\u00e3o n\u00ba 205, de 30 de setembro de 1971, do CONFEA.<\/p>\n\n\n\n<p><strong>Art. 10\u00ba<\/strong>&nbsp;&#8211; A penalidade correspondente aos demais casos por infra\u00e7\u00e3o aos dispositivos desta Resolu\u00e7\u00e3o ser\u00e1 fixada pela al\u00ednea &#8220;a&#8221; do Art. 73 da Lei n\u00ba 5.194, de 24 de dezembro de 1966. \u00a7 1\u00ba &#8211; A notifica\u00e7\u00e3o do infrator para o pagamento da multa prevista neste Art., se far\u00e1 na pessoa ou \u00d3rg\u00e3o aos quais o profissional haja firmado o seu contrato de trabalho. \u00a7 2\u00ba &#8211; Fica assegurado o direito de lavratura do novo Auto de Infra\u00e7\u00e3o, observando o disposto no Art. 10 da Resolu\u00e7\u00e3o n\u00ba 207, de 28 de janeiro de 1972, do CONFEA. \u00a7 3\u00ba &#8211; Nos casos de reincid\u00eancia comprovada, as multas referidas neste Art. ser\u00e3o aplicadas em dobro. \u00a7 4\u00ba &#8211; A Lavratura do auto de infra\u00e7\u00e3o, de que trata este Art., ser\u00e1 tantas quantas forem os profissionais que estiverem com remunera\u00e7\u00e3o inferior ao Sal\u00e1rio M\u00ednimo Profissional. \u00a7 5\u00ba &#8211; Os CREAs dever\u00e3o impetrar a\u00e7\u00e3o p\u00fablica contra administradores p\u00fablicos que se negarem a cumprir a legisla\u00e7\u00e3o por crime de responsabilidade, como prev\u00ea o Art. 1\u00ba, XIV, e \u00a7 1\u00ba do Decreto-Lei 201, de 27 de fevereiro de 1967, independentemente das multas impostas.<br><strong>Art. 11\u00ba<\/strong>&nbsp;&#8211; A presente Resolu\u00e7\u00e3o entrar\u00e1 em vigor na data de sua publica\u00e7\u00e3o.<\/p>\n\n\n\n<p><strong>Art. 12\u00ba<\/strong>&nbsp;&#8211; Revogam-se a Resolu\u00e7\u00e3o n\u00ba 309, de 27 de junho de 1986 e demais disposi\u00e7\u00f5es em contr\u00e1rio.<\/p>\n\n\n\n<p>Henrique Luduvice<br><strong>Presidente<\/strong><\/p>\n\n\n\n<p>Jo\u00e3o Alberto Fernandes Bastos<br><strong>Vice-Presidente<\/strong><\/p>\n\n\n\n<p>Publicada no Di\u00e1rio Oficial da Uni\u00e3o de 18\/10\/1995 Retifica\u00e7\u00e3o publicada no D.O.U. de 09\/11\/1995\n\n<\/p>\n","protected":false},"excerpt":{"rendered":"<p>O Sistema Confea\/Creas na fiscaliza\u00e7\u00e3o do Sal\u00e1rio M\u00ednimo Profissional RESOLU\u00c7\u00c3O N\u00ba 397, DE 11 AGOSTO DE 1995. Disp\u00f5e sobre a fiscaliza\u00e7\u00e3o do cumprimento do Sal\u00e1rio M\u00ednimo Profissional. O Conselho Federal de Engenharia, Arquitetura e Agronomia, no uso das atribui\u00e7\u00f5es que lhe confere a letra &#8220;f&#8221; do Art. 27 da Lei n\u00ba 5.194, de 24 de [&#8230;]\n","protected":false},"author":2,"featured_media":0,"parent":0,"menu_order":0,"comment_status":"closed","ping_status":"closed","template":"","meta":{"footnotes":""},"class_list":["post-724","page","type-page","status-publish","hentry"],"acf":[],"_links":{"self":[{"href":"https:\/\/sengemg.clkaqui.com.br\/index.php\/wp-json\/wp\/v2\/pages\/724","targetHints":{"allow":["GET"]}}],"collection":[{"href":"https:\/\/sengemg.clkaqui.com.br\/index.php\/wp-json\/wp\/v2\/pages"}],"about":[{"href":"https:\/\/sengemg.clkaqui.com.br\/index.php\/wp-json\/wp\/v2\/types\/page"}],"author":[{"embeddable":true,"href":"https:\/\/sengemg.clkaqui.com.br\/index.php\/wp-json\/wp\/v2\/users\/2"}],"replies":[{"embeddable":true,"href":"https:\/\/sengemg.clkaqui.com.br\/index.php\/wp-json\/wp\/v2\/comments?post=724"}],"version-history":[{"count":2,"href":"https:\/\/sengemg.clkaqui.com.br\/index.php\/wp-json\/wp\/v2\/pages\/724\/revisions"}],"predecessor-version":[{"id":1230,"href":"https:\/\/sengemg.clkaqui.com.br\/index.php\/wp-json\/wp\/v2\/pages\/724\/revisions\/1230"}],"wp:attachment":[{"href":"https:\/\/sengemg.clkaqui.com.br\/index.php\/wp-json\/wp\/v2\/media?parent=724"}],"curies":[{"name":"wp","href":"https:\/\/api.w.org\/{rel}","templated":true}]}}